alse
Is 450 a factor of 937633659?
False
Does 88 divide 56734656?
True
Is 1211 a factor of 51754997?
False
Does 95 divide 48478356?
False
Does 123 divide 25391628?
True
Is 10 a factor of 630628270?
True
Is 211035143 a multiple of 23?
True
Is 10750563 a multiple of 178?
False
Is 9 a factor of 862019363?
False
Is 4334 a factor of 236411032?
True
Is 1961647272 a multiple of 732?
True
Is 7911664 a multiple of 11?
False
Is 2863 a factor of 18175556?
False
Is 78035878 a multiple of 35?
False
Is 72377812 a multiple of 19?
False
Is 6 a factor of 20001708?
True
Is 16 a factor of 93228976?
True
Is 2 a factor of 349030?
True
Is 2165 a factor of 14753386?
False
Does 54 divide 112836712?
False
Is 15 a factor of 1939978875?
True
Does 756 divide 3601618020?
True
Is 749143134 a multiple of 3210?
False
Does 4 divide 1230652?
True
Is 219132406 a multiple of 11?
False
Is 489422211 a multiple of 24?
False
Is 565862880 a multiple of 2289?
False
Does 22 divide 66607926?
True
Is 11 a factor of 69067636?
True
Is 84651888 a multiple of 1985?
False
Does 491 divide 50527337?
True
Does 229 divide 538719065?
True
Does 18 divide 61535610?
True
Does 35 divide 23903640?
False
Does 1412 divide 3755822617?
False
Does 194 divide 24766004?
False
Is 10 a factor of 106624910?
True
Is 465605322 a multiple of 21?
True
Does 199 divide 113120265?
False
Is 242238525 a multiple of 3035?
True
Is 14814034 a multiple of 189?
False
Is 2415 a factor of 711569403?
False
Is 3 a factor of 97946801?
False
Is 142 a factor of 106761422?
True
Is 5032909 a multiple of 22?
False
Is 86256488 a multiple of 8?
True
Is 1428827496 a multiple of 107?
True
Is 5950158 a multiple of 37?
False
Is 16 a factor of 2641456?
True
Does 8142 divide 1102198804?
False
Is 42348690 a multiple of 2341?
True
Does 168 divide 3531070589?
False
Is 12461952 a multiple of 51?
True
Does 26 divide 714418120?
True
Does 216 divide 3890450088?
True
Is 157459727 a multiple of 641?
True
Is 25 a factor of 20842730?
False
Does 34 divide 121428790?
True
Is 4 a factor of 23591088?
True
Is 178 a factor of 71949914?
True
Does 30 divide 4517312958?
False
Is 136159029 a multiple of 2548?
False
Does 170 divide 34056100?
True
Does 219 divide 156730854?
True
Is 389390989 a multiple of 24?
False
Does 3 divide 5336312?
False
Does 2 divide 30371929?
False
Does 13 divide 373658090?
True
Is 420500664 a multiple of 12?
True
Is 470478372 a multiple of 28?
True
Is 34 a factor of 93550270?
False
Is 104 a factor of 2308443354?
False
Is 79 a factor of 4807397421?
False
Is 9203382 a multiple of 54?
True
Is 35 a factor of 37847775?
True
Is 55 a factor of 1769910615?
True
Is 42 a factor of 68780086?
False
Is 235 a factor of 20300710?
True
Does 93 divide 132007641?
True
Is 219454935 a multiple of 2177?
False
Is 2149 a factor of 536199139?
True
Is 388113282 a multiple of 9?
True
Does 1190 divide 535077550?
True
Is 18226652 a multiple of 78?
False
Is 1926089825 a multiple of 26?
False
Does 47 divide 56987963?
False
Is 188554182 a multiple of 1094?
True
Is 2389 a factor of 168631992?
False
Is 4703542 a multiple of 24?
False
Is 533 a factor of 311082136?
False
Does 76 divide 19614293?
False
Is 9071891 a multiple of 79?
False
Is 90365280 a multiple of 2237?
False
Does 33 divide 771819988?
False
Does 244 divide 654403120?
True
Does 472 divide 8029192?
True
Is 3369754205 a multiple of 263?
False
Is 5 a factor of 1574378?
False
Is 413269022 a multiple of 698?
False
Does 102 divide 496194402?
True
Does 52 divide 485455393?
False
Does 340 divide 43236747?
False
Is 646754970 a multiple of 325?
False
Does 35 divide 6160341345?
False
Is 2412 a factor of 1528243200?
True
Is 1274936893 a multiple of 28?
False
Does 31 divide 306525617?
False
Is 146 a factor of 77601920?
True
Is 313 a factor of 69369564?
True
Is 46471409 a multiple of 40?
False
Does 11 divide 5477400?
False
Is 41085990 a multiple of 235?
True
Does 12 divide 3123852?
True
Does 171 divide 30418335?
True
Is 28060 a multiple of 20?
True
Does 7 divide 322921729?
False
Is 25447500 a multiple of 5?
True
Is 519726386 a multiple of 4?
False
Does 230 divide 508771040?
True
Is 10 a factor of 43360179?
False
Does 82 divide 142382163?
False
Is 91903917 a multiple of 211?
False
Is 11343488 a multiple of 104?
True
Is 1728 a factor of 21126528?
True
Does 3507 divide 212385762?
False
Is 581440608 a multiple of 10?
False
Is 10 a factor of 2659909?
False
Does 6 divide 424296516?
True
Is 7 a factor of 25122272?
True
Does 11 divide 98040083?
False
Is 64099969 a multiple of 12?
False
Does 435 divide 489257115?
True
Is 496019380 a multiple of 372?
False
Is 4964 a factor of 537526740?
True
Is 55 a factor of 24739770?
True
Does 585 divide 149999801?
False
Does 9 divide 78921369?
True
Is 3017422394 a multiple of 106?
True
Is 123 a factor of 180461786?
False
Is 929 a factor of 802924128?
False
Does 1278 divide 29170350?
True
Does 71 divide 1755394262?
False
Is 1887 a factor of 24258948?
False
Is 461 a factor of 12578846?
True
Is 1690 a factor of 59395050?
True
Is 73 a factor of 47561690?
True
Is 168 a factor of 37200621?
False
Is 4003 a factor of 43312460?
True
Is 494753567 a multiple of 11?
True
Is 96090042 a multiple of 161?
False
Is 138088188 a multiple of 18?
True
Is 350464 a multiple of 296?
True
Is 483688284 a multiple of 12?
True
Does 79 divide 2461482?
True
Does 863 divide 526566354?
True
Does 82 divide 884528834?
True
Does 80 divide 2766762420?
False
Is 5 a factor of 24387687?
False
Is 10 a factor of 68773020?
True
Does 19 divide 26579499?
True
Is 76299102 a multiple of 198?
True
Is 927 a factor of 1552059414?
True
Is 2986 a factor of 3800389696?
True
Is 2 a factor of 37251485?
False
Is 26 a factor of 31998119?
False
Is 44 a factor of 16378333?
False
Is 338384369 a multiple of 18?
False
Does 96 divide 1684628?
False
Is 88244035 a multiple of 7?
False
Is 13 a factor of 32688070?
False
Is 27321187 a multiple of 383?
False
Does 486 divide 2079761184?
True
Does 17 divide 8823816?
True
Is 825 a factor of 22093782?
False
Is 64 a factor of 1592759360?
True
Does 4761 divide 1042003655?
False
Is 4236862976 a multiple of 8659?
False
Does 1025 divide 48987342?
False
Is 6122370 a multiple of 30?
True
Does 9 divide 79933052?
False
Does 14 divide 442178573?
False
Does 2776 divide 7529811?
False
Does 24 divide 93444075?
False
Does 36 divide 4357728?
True
Is 24555040 a multiple of 8?
True
Does 112 divide 153984642?
False
Is 455780350 a multiple of 683?
False
Does 692 divide 54492232?
True
Does 54 divide 17384471?
False
Is 19 a factor of 6946464?
False
Does 286 divide 26991250?
True
Is 46811135 a multiple of 35?
True
Is 9596492 a multiple of 57?
False
Is 350599980 a multiple of 5945?
False
Is 126 a factor of 127358028?
True
Is 18217212 a multiple of 52?
True
Is 6498642 a multiple of 68?
False
Is 15 a factor of 40074754?
False
Does 403 divide 127736037?
False
Does 481 divide 191800832?
False
Does 10 divide 8217200?
True
Does 12 divide 668845416?
True
Is 227280550 a multiple of 35?
True
Is 134039598 a multiple of 66?
True
Is 1167 a factor of 191118423?
True
Is 562234767 a multiple of 15?
False
Does 318 divide 73979764?
False
Is 80242501 a multiple of 99?
False
Is 224 a factor of 297044832?
True
Is 2670 a factor of 88961730?
True
Is 388 a factor of 162791704?
False
Is 117 a factor of 944299395?
True
Does 264 divide 102826416?
True
Is 35 a factor of 18646519?
False
Is 769523472 a multiple of 4976?
True
Does 12518 divide 319851303?
False
Does 7 divide 35224469?
True
Is 639 a factor of 38612268?
False
Does 6 divide 2148192?
True
Is 503390368 a multiple of 4924?
True
Is 1449800145 a multiple of 141?
False
Is 17 a factor of 4723054?
False
Is 27 a factor of 3039552?
True
Does 460 divide 20718400?
True
Does 6 divide 101104056?
True
Does 9 divide 898414855?
False
Is 525 a factor of 46112005?
False
Does 98 divide 6477996?
True
Does 905 divide 40083355?
True
Does 12 divide 78015468?
True
Does 1510 divide 871737884?
False
Is 2687 a factor of 1597284463?
True
Is 720 a factor of 59930914?
False
Is 299367314 a multiple of 5933?
True
Is 27907554 a multiple of 121?
False
Is 138875512 a multiple of 8?
True
Is 14 a factor of 439829053?
False
Is 346 a factor of 34813828?
True
Does 14 divide 642196726?
False
Does 399 divide 713954203?
False
Is 345812450 a multip